 of -1 + 3 + s + h?
False
Let v(u) = -u**3 - 3*u**2 + 10*u + 3. Let l be v(-5). Let z = -23 - -4. Is 5 a factor of l/(-6)*2*z?
False
Let w(u) = 3*u + 6*u**2 - u**3 + 1 + 4*u**2 + 7 - 2. Let b be w(9). Suppose -s - 4*s = -15, 3*v = -3*s + b. Is v a multiple of 12?
False
Let u = 155 + -218. Let o = u + 190. Does 20 divide o?
False
Suppose -25*m = -21*m + 96. Does 25 divide 75/4*(-8 - m)?
True
Let n(z) = 89*z - 106. Is 3 a factor of n(4)?
False
Suppose -56*p = -55*p - 338. Is 26 a factor of p?
True
Let o(u) = -u - 10. Let a be o(-13). Is 6 a factor of (-6 - -27)/(a/8)?
False
Let s(u) = 10*u - 77. Does 4 divide s(64)?
False
Let d(l) be the third derivative of l**6/120 + l**5/12 + l**4/12 - 5*l**3/6 - 5*l**2. Let x be d(-4). Does 15 divide (x - 2)*6*10?
True
Suppose 11*z - 13*z = 0. Suppose z = -w - 0*w + 7. Does 2 divide w?
False
Suppose -4*r + 52 = -3*s, 5*s + r + 77 = -2*r. Let b be (-35)/(-4) + 12/s. Suppose 0 = -9*y + b*y + 34. Does 21 divide y?
False
Let s(u) = 397*u**3 + 3*u**2 - 8*u + 7. Is 21 a factor of s(1)?
True
Let w(h) = h**3 - 3*h**2 - 4*h - 3. Let g = 3 + 1. Suppose 0 = 2*f - 3*p - 19, g*f - 5*f + 20 = -5*p. Does 9 divide w(f)?
True
Let h(o) = 14*o**2 + 20*o + 85. Does 21 divide h(-9)?
False
Let l(o) = o + 37. Let v be l(0). Suppose 5*x + 2*u - v = 0, -x - u = 4*u - 12. Let q = x + 9. Does 12 divide q?
False
Let i = -360 - -680. Does 20 divide i?
True
Suppose -g + 7*s + 132 = 12*s, s + 132 = g. Is 33 a factor of g?
True
Suppose -2*f - 158 = -3*c, 5*c + 0*c - 305 = -5*f. Let p = c + -52. Does 3 divide p?
False
Is 42 a factor of 1 - (1 + -756 + 0)?
True
Does 34 divide (56/10)/((304/(-1615))/(-8))?
True
Let l(b) = 2*b + 32. Let w = -4 + 4. Is l(w) a multiple of 8?
True
Suppose r = -19 + 21. Suppose 6*m - x = r*m + 158, m - 4*x = 32. Is 14 a factor of m?
False
Let a be (-1)/(-4) - 1/((-28)/1001). Suppose -q - 12 = -a. Is 4 a factor of q?
True
Let q be (-4 - -8) + -5 - 1. Let f(p) = p**2 - 5*p + 1. Is 5 a factor of f(q)?
True
Does 12 divide 9 - 3*(-9 - 104)?
True
Suppose -s + 4*q + 43 = 8, -3*s + 105 = -3*q. Is ((-360)/s)/(9/(-168)) a multiple of 8?
True
Suppose -613 = -5*q - 48. Let u = q + 20. Is 19 a factor of u?
True
Suppose -2*g = -2*i + 4380, -g + 9631 = 3*i + 3049. Is i a multiple of 35?
False
Suppose -z = -2*y - 102, -3*z - 5*y = -2*z - 81. Let f be z/3*2/(-4). Let l = f - -57. Does 10 divide l?
False
Suppose 100 = -2*i + 12*i. Let n be (-4)/(-6) - (-32)/(-3). Is 9 a factor of i/3*(-96)/n?
False
Let y = -14 + 17. Suppose -y*n + 62 = -2*n. Suppose -n = -4*v + 42. Is 13 a factor of v?
True
Suppose 6*v + v = 0. Suppose -4*g - 5*b = -244, g = -v*g + 4*b + 82. Does 11 divide g?
True
Suppose -19*f - 2*f + 2310 = 0. Does 55 divide f?
True
Let h(x) = x**3 + 5*x**2 - 6*x + 5. Is 25 a factor of h(5)?
True
Let q be ((-48)/3 - 4)/((-1)/9). Let j = -66 + q. Is 17 a factor of j?
False
Let y = 8 + -8. Suppose -2*n - 9 + 1 = y, n = -3*m - 49. Let s = m + 25. Is s a multiple of 6?
False
Suppose 0 = -4*q + 2*v - 0*v + 188, -2*v = q - 57. Is q a multiple of 4?
False
Let q(a) = a**2 - 6*a + 6. Let y be q(4). Let m = 16 + -28. Is 20 a factor of (80/m)/(y/6)?
True
Is 3 a factor of 76/(-12)*(-8 - 1)?
True
Let y = -277 + 394. Let z = y + 8. Suppose j = -4*j + z. Does 14 divide j?
False
Let g = -73 + 25. Let l be ((-2)/(-4))/(2/g). Is l/2*(-70)/15 a multiple of 16?
False
Does 14 divide 70/20*(-2 + (49 - -1))?
True
Let o(l) = l + 3. Let c be o(-9). Let n be (92/6)/((-2)/c). Let a = -16 + n. Is 10 a factor of a?
True
Suppose 15 = 5*g + 50. Let i(x) = -4*x + 21. Does 14 divide i(g)?
False
Let t(v) = v**2 + 8. Suppose 3*x + 22 = -0*x + u, 5*x = 4*u - 46. Is 22 a factor of t(x)?
True
Suppose -2*x - x + 5 = l, 4*x - 25 = -5*l. Suppose -5*d - 3 = -4*a - 23, x = -d - 4*a + 4. Suppose 5*y - 4*g = 34, -d*g - 4 = -3*y + 10. Is y a multiple of 6?
False
Suppose i = 5*z + 200, -5*z - 1102 = -4*i - 302. Is i a multiple of 10?
True
Let j(h) = -11 + 13*h**2 - 4*h**2 - h**3 + 7 - 14*h. Is j(6) a multiple of 10?
True
Let n(a) = a**3 - 3*a**2 - 3*a - 3. Let j be n(4). Let d be 21 + (-1 - 1 - j). Suppose -4*k = -y + d, -4*y - 5*k + 4*k = -72. Does 15 divide y?
False
Suppose -f = 2*n - 13, f - 5*n - 1 = -2. Does 19 divide 38*(81/6)/f?
True
Does 15 divide 15*12/(-54)*-90?
True
Suppose -8064 = -75*k + 59*k. Is 9 a factor of k?
True
Suppose 500 = 4*o + 72. Suppose o + 33 = 5*y. Does 7 divide y?
True
Suppose -16 = -5*g + 3*k, -4*k + 1 + 1 = 5*g. Suppose -5*f + 165 = 5*c, -g = 2*c + 2. Does 7 divide f?
True
Suppose 336 = s - 1203. Does 9 divide s?
True
Let c(l) = 2*l**3 - 2*l + 1. Let h be c(1). Is 9 a factor of 0/3 + 12 + (h - 2)?
False
Let x(v) = -217*v - 1. Let b be x(-1). Let a = 143 - 136. Suppose a*f - b = f. Does 6 divide f?
True
Let t(m) = 3*m**2 - 30*m + 79. Does 52 divide t(17)?
False
Suppose 5*u - d - d = 24, 0 = -2*u - 5*d - 2. Suppose -3*k = -k + u. Is 8 a factor of (k - 6/(-9))*-18?
True
Suppose 475 = -6*n + 1267. Is 19 a factor of n?
False
Let k = -4 + 1. Suppose 0 = -4*a - 3*h + 20, 0 = 2*a - 3*h + 14 - 6. Is 11 a factor of 34 + (1 + k)/a?
True
Let r be (-1)/1*(-2 + -3 + -408). Suppose -v + r = 2*a, 0 = -5*v - 5 + 30. Is a a multiple of 18?
False
Let i = 1093 + 227. Is 60 a factor of i?
True
Suppose 4587 + 6139 = 3*u + 5*k, -3568 = -u + 2*k. Is 94 a factor of u?
True
Let u(i) = 3*i**3 - 5*i + 2. Let r be u(3). Let j be (10/8)/(24/96). Suppose 3*b = -j*w + r, -3*b - 76 = -w - 3*w. Does 8 divide w?
True
Let t(a) = -7*a + 3 - 1 - 7 + 4. Is t(-14) a multiple of 13?
False
Let n(y) = -15*y - 6. Let o = 14 - 18. Let c = -9 - o. Is n(c) a multiple of 21?
False
Suppose 0 = -2*j + j - c - 198, 4*c + 388 = -2*j. Let i = j + 367. Does 31 divide i?
False
Suppose -2*s + 6 = 0, n - s = -4*n + 4772. Does 35 divide n?
False
Let q(r) be the third derivative of r**6/120 - r**5/12 + 3*r**4/8 - r**3/6 - 4*r**2. Let i be q(7). Suppose s = 6*s - i. Is s a multiple of 16?
True
Let c(p) = -5*p**3 + 65*p**2 + 7*p + 3. Is c(13) a multiple of 47?
True
Is 5*(-87)/(-15)*23 a multiple of 62?
False
Let q(b) = -5*b**3 + 8*b**2 - 30. Is q(-7) a multiple of 31?
True
Let r(x) = -3*x - 6. Let c be r(-4). Suppose 5*g - 5*d - 350 = 0, c*d + 142 = 2*g + 3*d. Is g a multiple of 21?
False
Let i = -46 + 54. Suppose -i*h + 55 = -7*h. Is h a multiple of 3?
False
Let r = 1136 + -538. Does 46 divide r?
True
Does 95 divide ((-3)/(12/988))/(8/(-40))?
True
Suppose 0 = x + 4*a - 3*a - 17, 0 = -x - 2*a + 20. Suppose -m + x = 3*o, -5*m + 3 = -3*o - 13. Suppose -22 = -m*p + 88. Is 22 a factor of p?
True
Let x be ((-12)/4 - -5) + (-6 - -4). Suppose x = -100*f + 97*f + 78. Is 13 a factor of f?
True
Let g = -641 - -893. Is 5 a factor of g?
False
Let l = -91 - -143. Is 5 a factor of l?
False
Suppose 0 = 27*c + 49*c - 3724. Does 3 divide c?
False
Let n(y) = -y**3 - 13*y**2 + 10*y - 20. Does 18 divide n(-14)?
True
Let r be 63/84*(-4)/6*-334. Suppose 213 = 5*l - r. Is l a multiple of 6?
False
Let x(q) = 33*q - 9. Let k = 26 - 21. Is 24 a factor of x(k)?
False
Let f(g) = -g**3 + 8*g**2 + 16*g - 20. Let b be f(10). Let t = 179 + b. Is t a multiple of 10?
False
Let z be ((-2)/(-1) - 3)/(-1). Suppose 2*j = 3 + z. Suppose -4*y = 0, j*n - 32 = -2*y + 44. Is 11 a factor of n?
False
Suppose 0 = -3*j + 5*j - 5*a - 22, 0 = 5*j - a - 9. Does 7 divide (2/(-3))/(0 - j/42)?
True
Suppose 35*g = -5*k + 36*g + 580, 5*g = 3*k - 326. Is 5 a factor of k?
False
Suppose -4*t - 538 = -c + 112, -4*c + 5*t = -2545. Does 18 divide c?
True
Suppose b - 177 = -4*r + 328, 2083 = 4*b - 5*r. Is b a multiple of 11?
True
Suppose 0 = 17*w + 537 - 10482. Is w a multiple of 40?
False
Let r be 4 + -2*(-3)/(-6). Suppose -o + r*o - 4 = 0. Is (4/6)/(o/45) a multiple of 15?
True
Let m(v) = 253*v**3 - 3*v + 2. Does 12 divide m(1)?
True
Let o = 35 - 27. Suppose -12*u + o*u + 40 = 0. Is u even?
True
Let k be (2 - 1)*(-3 - -3). Suppose i = -k*i + 50. Is i a multiple of 36?
False
Suppose -5*y + 7*y = -22. Let k = y + 11. Suppose 0 = v - k*p + 2*p - 46, -v + 38 = -2*p. Does 14 divide v?
True
Let k = -1010 - -1460. Suppose 0 = -3*r - 2*r + k. Does 9 divide r?
True
Let u(m) = -9*m**3 + 2*m**2 - 4*m + 2. Let d be u(2). Let v = d - -142. Is 11 a factor of v?
False
Is 19 a factor of (-91)/(-13)*(952/4)/2?
False
Suppose o - 6*t = -2*t + 759, -4*o - 2*t + 3036 = 0. Is 33 a 